{"id":295,"date":"2023-07-27T12:33:26","date_gmt":"2023-07-27T10:33:26","guid":{"rendered":"https:\/\/www.david-blum.com\/wordpress\/?page_id=295"},"modified":"2026-03-31T11:11:49","modified_gmt":"2026-03-31T09:11:49","slug":"termine","status":"publish","type":"page","link":"https:\/\/www.david-blum.com\/wordpress\/termine\/","title":{"rendered":"Termine"},"content":{"rendered":"<h2>Kommende Termine<\/h2>\n<p><strong>15.06.26<\/strong> Lesung aus &#8222;Kollektorgang&#8220; in der\u00a0Stadtteilbibliothek Osterholz Bremen (geschlossen)<\/p>\n<p><strong>18.06.26<\/strong> Lesung &#8222;Prosa Prognosen 2025&#8220; mit der Autor\u2219innenwerkstatt Prosa &#8222;Das zweite Buch&#8220; im Literarischen Colloquium Berlin<\/p>\n<h2>Vergangene Termine<\/h2>\n<p><strong>20.03.26<\/strong> Lesung &#8222;Prosa Prognosen 2025&#8220; mit der Autor\u2219innenwerkstatt Prosa &#8222;Das zweite Buch&#8220; des Literarischen Colloquiums Berlin auf der Leipziger Buchmesse<\/p>\n<p><strong>25.11.25<\/strong> Lesung aus &#8222;Kollektorgang&#8220; am Gustav-Hertz-Gymnasium Leipzig (geschlossen)<\/p>\n<p><strong>57. G\u00f6ttinger und 14. Northeimer Kinder- und Jugendbuchwoche der GEW (17.\u201321.11.25):<\/strong><\/p>\n<p><strong>19.11.25<\/strong> Doppellesung aus &#8222;Kollektorgang&#8220; an der Thomas-Mann-Schule Northeim (geschlossen)<\/p>\n<p><strong>18.11.25<\/strong> Lesung aus &#8222;Kollektorgang&#8220; an der Montessorri-Schule G\u00f6ttingen (geschlossen)<\/p>\n<p><strong>18.11.25<\/strong> Doppellesung aus &#8222;Kollektorgang&#8220; am Felix-Klein-Gymnasium G\u00f6ttingen (geschlossen)<\/p>\n<p><strong>17.11.25<\/strong> Lesung aus &#8222;Kollektorgang&#8220;\u00a0 an der Martin-Luther-King-Schule G\u00f6ttingen (geschlossen)<\/p>\n<p><strong>17.11.25<\/strong> Lesung aus &#8222;Kollektorgang&#8220; am Felix-Klein-Gymnasium G\u00f6ttingen (geschlossen)<\/p>\n<p><strong>13.11.25<\/strong> Doppellesung aus &#8222;Kollektorgang&#8220; am Julius-Motteler-Gymnasium Crimmitschau (geschlossen)<\/p>\n<p><strong>10.11.25<\/strong> Lesung aus &#8222;Kollektorgang&#8220; am Gymnasium Finow Eberswalde (geschlossen)<\/p>\n<p><strong>10.11.25<\/strong> Lesung aus &#8222;Kollektorgang&#8220; in der Thinkfarm Eberswalde (\u00f6ffentlich)<\/p>\n<p><strong>26.09.25<\/strong> Lesung aus &#8222;Kollektorgang&#8220; am 36. Kinder- und Jugendliteraturtag am Alexander-von-Humboldt-Gymnasium Eberswalde (geschlossen)<\/p>\n<p><strong>17.09.25<\/strong> Lesung aus &#8222;Kollektorgang&#8220; im Rahmen des Themenjahrs &#8222;Mehr als eine Geschichte. Buchstadt Leipzig&#8220; am Immanuel-Kant-Gymnasium Leipzig (geschlossen)<\/p>\n<p><strong>24.06.25<\/strong> Lesung aus &#8222;Kollektorgang&#8220; an der Marguerite-Friedlaender-Gesamtschule Halle (Saale) (geschlossen)<\/p>\n<p><strong>26.02.25<\/strong> Werkstattgespr\u00e4ch zu &#8222;Kollektorgang&#8220; im Literaturhaus Berlin (Alt-Moabit) (\u00f6ffentlich)<\/p>\n<p><strong>06.02.25 <\/strong>Lesung aus &#8222;Kollektorgang&#8220; am Lyc\u00e9e Franco-Allemand Buc (FRA) (geschlossen)<\/p>\n<p><strong>05.02.25<\/strong> Lesung aus &#8222;Kollektorgang&#8220; am Lyc\u00e9e Gustave Monod Enghien-les-Bains (FRA) (geschlossen)<\/p>\n<p><strong>31.01.25<\/strong> Online-Autorenbegegnung zu &#8222;Kollektorgang&#8220; mit der Landesfachstelle f\u00fcr B\u00fcchereien und Bildung im Medienhaus Sankt Michaelsbund (\u00f6ffentlich)<\/p>\n<p><strong>12.12.24<\/strong> Lesung aus &#8222;Kollektorgang&#8220; im M\u00fchlstra\u00dfe e. V. Leipzig (geschlossen)<\/p>\n<p><strong>04.12.24<\/strong> Lesung aus &#8222;Kollektorgang&#8220; in der Brigitte-Reimann-Stadtbibliothek Hoyerswerda (geschlossen)<\/p>\n<p><strong>14.11.24<\/strong> Lesung mit Anna Bolav\u00e1 und Katharina Bendixen im PartnerStadtQuartier Leipzig (\u00f6ffentlich)<\/p>\n<p><strong>08.10.24<\/strong> Lesung im Caf\u00e9 Kapral Brno (CZ) (\u00f6ffentlich)<\/p>\n<p><strong>25.06.24<\/strong> Lesung aus &#8222;Kollektorgang&#8220; beim feeLit-Literaturfestival im Spiegelzelt Heidelberg (geschlossen)<\/p>\n<p><strong>13.03.24<\/strong> Lesung im Bleiche Resort &amp; Spa in Burg im Spreewald (\u00f6ffentlich)<\/p>\n<p><strong>06.03.24<\/strong> Lesung im Bleiche Resort &amp; Spa in Burg im Spreewald (\u00f6ffentlich)<\/p>\n<p><strong>17.02.24<\/strong>\u00a0 Lesung mit Katharina Bendixen im CJD-Wohnheim Salzwedel (geschlossen)<\/p>\n<p><strong>16.02.24<\/strong> Lesung aus &#8222;Kollektorgang&#8220; an der Gemeinschaftsschule Wilhelm Wundt Tangerh\u00fctte (geschlossen)<\/p>\n<p><strong>16.11.23<\/strong> Lesung aus &#8222;Kollektorgang&#8220; am Dom-Gymnasium Freising (geschlossen)<\/p>\n<p><strong>16.11.23<\/strong> Lesung aus &#8222;Kollektorgang&#8220; an der Karl-Meichelbeck-Realschule Freising (geschlossen)<\/p>\n<p><strong>27.10.23<\/strong> Lesung mit Johannes Herwig im Theater der jungen Welt Leipzig (\u00f6ffentlich)<\/p>\n<p><strong>18.10.23<\/strong> Lesung aus &#8222;Kollektorgang&#8220; am Pestalozzi-Gymnasium Rodewisch (geschlossen)<\/p>\n<p><strong>17.10.23<\/strong> Lesung aus &#8222;Kollektorgang&#8220; am Geschwister-Scholl-Gymnasium Taucha (geschlossen)<\/p>\n<p><strong>29.09.23<\/strong> Lesung aus &#8222;Kollektorgang&#8220; im Kulturhaus H\u00e4selburg Gera (\u00f6ffentlich)<\/p>\n<p><strong>27.09.23<\/strong> Lesung aus &#8222;Kollektorgang&#8220; an der Evangelischen Oberschule Belgern (geschlossen)<\/p>\n<p><strong>24.09.23<\/strong> Lesung aus &#8222;Kollektorgang&#8220; beim Festival &#8222;Literatur fetzt!&#8220; im Zentralwerk Dresden (\u00f6ffentlich)<\/p>\n<p><strong>05.09.23<\/strong> Lesung aus &#8222;Kollektorgang&#8220; in der Stadtbibliothek Leipzig (geschlossen)<\/p>\n<p><strong>30.08.23<\/strong> Lesung im Bleiche Resort &amp; Spa in Burg im Spreewald (\u00f6ffentlich)<\/p>\n<p><strong>23.08.23<\/strong> Lesung im Bleiche Resort &amp; Spa in Burg im Spreewald (\u00f6ffentlich)<\/p>\n<p><strong>30.06.23<\/strong> Lesung aus &#8222;Kollektorgang&#8220; in &#8222;Karls Kiosk&#8220; Gera (\u00f6ffentlich)<\/p>\n<p><strong>29.04.23<\/strong> Lesung aus \u201eKollektorgang\u201c in der Hugendubel-Kinderbuchhandlung auf der Leipziger Buchmesse (\u00f6ffentlich)<\/p>\n<p><strong>28.04.23<\/strong> Lesung aus \u201eKollektorgang\u201c am Wilhelm-Ostwald-Gymnasium Leipzig (geschlossen)<\/p>\n<p><strong>05.04.23<\/strong> Lesung aus \u201eKollektorgang\u201c am Gustav-Hertz-Gymnasium Leipzig (geschlossen)<\/p>\n","protected":false},"excerpt":{"rendered":"<p>Kommende Termine 15.06.26 Lesung aus &#8222;Kollektorgang&#8220; in der\u00a0Stadtteilbibliothek Osterholz Bremen (geschlossen) 18.06.26 Lesung &#8222;Prosa Prognosen 2025&#8220; mit der Autor\u2219innenwerkstatt Prosa &#8222;Das zweite Buch&#8220; im Literarischen Colloquium Berlin Vergangene Termine 20.03.26 Lesung &#8222;Prosa Prognosen 2025&#8220; mit der Autor\u2219innenwerkstatt Prosa &#8222;Das zweite Buch&#8220; des Literarischen Colloquiums Berlin auf der Leipziger Buchmesse 25.11.25 Lesung aus &#8222;Kollektorgang&#8220; am Gustav-Hertz-Gymnasium&hellip; <a class=\"more-link\" href=\"https:\/\/www.david-blum.com\/wordpress\/termine\/\"><span class=\"screen-reader-text\">Termine<\/span> weiterlesen<\/a><\/p>\n","protected":false},"author":1,"featured_media":0,"parent":0,"menu_order":0,"comment_status":"closed","ping_status":"closed","template":"","meta":{"footnotes":""},"class_list":["post-295","page","type-page","status-publish","hentry","entry"],"_links":{"self":[{"href":"https:\/\/www.david-blum.com\/wordpress\/wp-json\/wp\/v2\/pages\/295","targetHints":{"allow":["GET"]}}],"collection":[{"href":"https:\/\/www.david-blum.com\/wordpress\/wp-json\/wp\/v2\/pages"}],"about":[{"href":"https:\/\/www.david-blum.com\/wordpress\/wp-json\/wp\/v2\/types\/page"}],"author":[{"embeddable":true,"href":"https:\/\/www.david-blum.com\/wordpress\/wp-json\/wp\/v2\/users\/1"}],"replies":[{"embeddable":true,"href":"https:\/\/www.david-blum.com\/wordpress\/wp-json\/wp\/v2\/comments?post=295"}],"version-history":[{"count":147,"href":"https:\/\/www.david-blum.com\/wordpress\/wp-json\/wp\/v2\/pages\/295\/revisions"}],"predecessor-version":[{"id":760,"href":"https:\/\/www.david-blum.com\/wordpress\/wp-json\/wp\/v2\/pages\/295\/revisions\/760"}],"wp:attachment":[{"href":"https:\/\/www.david-blum.com\/wordpress\/wp-json\/wp\/v2\/media?parent=295"}],"curies":[{"name":"wp","href":"https:\/\/api.w.org\/{rel}","templated":true}]}}