{"id":50,"date":"2023-01-10T16:57:19","date_gmt":"2023-01-10T15:57:19","guid":{"rendered":"https:\/\/www.david-blum.com\/wordpress\/?page_id=50"},"modified":"2026-03-23T22:42:11","modified_gmt":"2026-03-23T21:42:11","slug":"vita","status":"publish","type":"page","link":"https:\/\/www.david-blum.com\/wordpress\/vita\/","title":{"rendered":"Vita"},"content":{"rendered":"<p>David Blum, geboren 1983 in Potsdam, studierte Germanistik, Komparatistik und Medienwissenschaft in Potsdam und Leipzig. Master am Deutschen Literaturinstitut Leipzig. Schreibt Belletristik, Kinder- und Jugendliteratur sowie Reisef\u00fchrer. Div. Auszeichnungen, u. a. Peter-H\u00e4rtling-Preis 2023 und ein Kranichsteiner Jugendliteratur-Stipendium 2024. Mitgr\u00fcnder des Netzwerks other writers need to concentrate zum Thema Schreiben und Care (<a href=\"https:\/\/www.other-writers.de\" target=\"_blank\" rel=\"noopener\">www.other-writers.de<\/a>). Mitglied des Netzwerks der Leipziger Kinder- und Jugendbuchautor*innen und -illustrator*innen (<a href=\"https:\/\/www.kjl-leipzig.de\" target=\"_blank\" rel=\"noopener\">www.kjl-leipzig.de<\/a>). Lebt mit seiner Familie in Leipzig. Homepage: www.david-blum.com<\/p>\n<div id='gallery-1' class='gallery galleryid-50 gallery-columns-3 gallery-size-thumbnail'><figure class='gallery-item'>\n\t\t\t<div class='gallery-icon landscape'>\n\t\t\t\t<a href='https:\/\/www.david-blum.com\/wordpress\/wp-content\/uploads\/2023\/01\/5892-scaled.jpg'><img loading=\"lazy\" decoding=\"async\" width=\"150\" height=\"150\" src=\"https:\/\/www.david-blum.com\/wordpress\/wp-content\/uploads\/2023\/01\/5892-150x150.jpg\" class=\"attachment-thumbnail size-thumbnail\" alt=\"\" aria-describedby=\"gallery-1-196\" style=\"width:100%;height:66.64%;max-width:2560px;\" \/><\/a>\n\t\t\t<\/div>\n\t\t\t\t<figcaption class='wp-caption-text gallery-caption' id='gallery-1-196'>\n\t\t\t\t\u00a9 Gert Mothes\n\t\t\t\t<\/figcaption><\/figure><figure class='gallery-item'>\n\t\t\t<div class='gallery-icon portrait'>\n\t\t\t\t<a href='https:\/\/www.david-blum.com\/wordpress\/wp-content\/uploads\/2023\/01\/5868-scaled.jpg'><img loading=\"lazy\" decoding=\"async\" width=\"150\" height=\"150\" src=\"https:\/\/www.david-blum.com\/wordpress\/wp-content\/uploads\/2023\/01\/5868-150x150.jpg\" class=\"attachment-thumbnail size-thumbnail\" alt=\"\" aria-describedby=\"gallery-1-197\" style=\"width:100%;height:150.06%;max-width:1706px;\" \/><\/a>\n\t\t\t<\/div>\n\t\t\t\t<figcaption class='wp-caption-text gallery-caption' id='gallery-1-197'>\n\t\t\t\t\u00a9 Gert Mothes\n\t\t\t\t<\/figcaption><\/figure><figure class='gallery-item'>\n\t\t\t<div class='gallery-icon landscape'>\n\t\t\t\t<a href='https:\/\/www.david-blum.com\/wordpress\/wp-content\/uploads\/2023\/01\/5843-scaled.jpg'><img loading=\"lazy\" decoding=\"async\" width=\"150\" height=\"150\" src=\"https:\/\/www.david-blum.com\/wordpress\/wp-content\/uploads\/2023\/01\/5843-150x150.jpg\" class=\"attachment-thumbnail size-thumbnail\" alt=\"\" aria-describedby=\"gallery-1-195\" style=\"width:100%;height:66.64%;max-width:2560px;\" \/><\/a>\n\t\t\t<\/div>\n\t\t\t\t<figcaption class='wp-caption-text gallery-caption' id='gallery-1-195'>\n\t\t\t\t\u00a9 Gert Mothes\n\t\t\t\t<\/figcaption><\/figure>\n\t\t<\/div>\n\n","protected":false},"excerpt":{"rendered":"<p>David Blum, geboren 1983 in Potsdam, studierte Germanistik, Komparatistik und Medienwissenschaft in Potsdam und Leipzig. Master am Deutschen Literaturinstitut Leipzig. Schreibt Belletristik, Kinder- und Jugendliteratur sowie Reisef\u00fchrer. Div. Auszeichnungen, u. a. Peter-H\u00e4rtling-Preis 2023 und ein Kranichsteiner Jugendliteratur-Stipendium 2024. Mitgr\u00fcnder des Netzwerks other writers need to concentrate zum Thema Schreiben und Care (www.other-writers.de). Mitglied des Netzwerks&hellip; <a class=\"more-link\" href=\"https:\/\/www.david-blum.com\/wordpress\/vita\/\"><span class=\"screen-reader-text\">Vita<\/span> weiterlesen<\/a><\/p>\n","protected":false},"author":1,"featured_media":0,"parent":0,"menu_order":0,"comment_status":"closed","ping_status":"closed","template":"","meta":{"footnotes":""},"class_list":["post-50","page","type-page","status-publish","hentry","entry"],"_links":{"self":[{"href":"https:\/\/www.david-blum.com\/wordpress\/wp-json\/wp\/v2\/pages\/50","targetHints":{"allow":["GET"]}}],"collection":[{"href":"https:\/\/www.david-blum.com\/wordpress\/wp-json\/wp\/v2\/pages"}],"about":[{"href":"https:\/\/www.david-blum.com\/wordpress\/wp-json\/wp\/v2\/types\/page"}],"author":[{"embeddable":true,"href":"https:\/\/www.david-blum.com\/wordpress\/wp-json\/wp\/v2\/users\/1"}],"replies":[{"embeddable":true,"href":"https:\/\/www.david-blum.com\/wordpress\/wp-json\/wp\/v2\/comments?post=50"}],"version-history":[{"count":49,"href":"https:\/\/www.david-blum.com\/wordpress\/wp-json\/wp\/v2\/pages\/50\/revisions"}],"predecessor-version":[{"id":757,"href":"https:\/\/www.david-blum.com\/wordpress\/wp-json\/wp\/v2\/pages\/50\/revisions\/757"}],"wp:attachment":[{"href":"https:\/\/www.david-blum.com\/wordpress\/wp-json\/wp\/v2\/media?parent=50"}],"curies":[{"name":"wp","href":"https:\/\/api.w.org\/{rel}","templated":true}]}}