{"id":767,"date":"2026-04-13T10:15:55","date_gmt":"2026-04-13T08:15:55","guid":{"rendered":"https:\/\/www.david-blum.com\/wordpress\/?page_id=767"},"modified":"2026-04-16T12:02:27","modified_gmt":"2026-04-16T10:02:27","slug":"kinderbuch","status":"publish","type":"page","link":"https:\/\/www.david-blum.com\/wordpress\/kinderbuch\/","title":{"rendered":"Kinderbuch"},"content":{"rendered":"<h2>Ins Sparschwein rein? Oh nein!<\/h2>\n<p><a href=\"https:\/\/www.david-blum.com\/wordpress\/wp-content\/uploads\/2026\/04\/ins-sparschwein-rein-oh-nein-gebundene-ausgabe-katharina-bendixen.jpeg\"><img loading=\"lazy\" decoding=\"async\" class=\"alignleft size-medium wp-image-782\" src=\"https:\/\/www.david-blum.com\/wordpress\/wp-content\/uploads\/2026\/04\/ins-sparschwein-rein-oh-nein-gebundene-ausgabe-katharina-bendixen-241x300.jpeg\" alt=\"\" width=\"241\" height=\"300\" srcset=\"https:\/\/www.david-blum.com\/wordpress\/wp-content\/uploads\/2026\/04\/ins-sparschwein-rein-oh-nein-gebundene-ausgabe-katharina-bendixen-241x300.jpeg 241w, https:\/\/www.david-blum.com\/wordpress\/wp-content\/uploads\/2026\/04\/ins-sparschwein-rein-oh-nein-gebundene-ausgabe-katharina-bendixen-824x1024.jpeg 824w, https:\/\/www.david-blum.com\/wordpress\/wp-content\/uploads\/2026\/04\/ins-sparschwein-rein-oh-nein-gebundene-ausgabe-katharina-bendixen-768x954.jpeg 768w, https:\/\/www.david-blum.com\/wordpress\/wp-content\/uploads\/2026\/04\/ins-sparschwein-rein-oh-nein-gebundene-ausgabe-katharina-bendixen.jpeg 1207w\" sizes=\"auto, (max-width: 241px) 100vw, 241px\" \/><\/a><\/p>\n<p>Ausgezahlt und brav gespart? Von wegen! In diesem Bilderbuch verfolgen wir die abenteuerlichen Wege einer frisch gepr\u00e4gten Eurom\u00fcnze: Statt ins Sparschwein wandert sie von Hand zu Hand und Land zu Land, reist mit Zug, Bus und Lkw, ger\u00e4t in den Schlund eines Kaffeeautomaten und sogar in das Verdauungssystem eines hungrigen Vierbeiners. M\u00fcnzen wie der Euro sind f\u00fcr Kinder h\u00e4ufig der erste Ber\u00fchrungspunkt mit Geld und \u00fcben eine gro\u00dfe Faszination aus. Wo kommt so ein Euro her und wer hatte ihn vorher in der Hand? Was kann man alles mit ihm machen? Und warum k\u00f6nnen manche Menschen ihn einfach verschenken, w\u00e4hrend andere um jeden einzelnen betteln m\u00fcssen? Ausgehend von diesen Fragen gibt \u201eIns Sparschwein rein? Oh nein!\u201c spannende Einblicke in den Geldkreislauf.<\/p>\n<h3>Daten<\/h3>\n<p>David Blum, <a href=\"https:\/\/www.katharinabendixen.de\/wordpress\/\" target=\"_blank\" rel=\"noopener\">Katharina Bendixen<\/a>, <a href=\"https:\/\/halinakirschner.de\/\" target=\"_blank\" rel=\"noopener\">Halina Kirschner<\/a><br \/>\n<strong>Ins Sparschwein rein? Oh nein!<\/strong><br \/>\nEin Geld rollt um die Welt<br \/>\nBilderbuch<br \/>\nKlett Kinderbuch<br \/>\n40 Seiten, Hardcover<br \/>\n<span class=\"buchmeta-col2\">ISBN: 978-3-95470-327-2<br \/>\nErscheinungsdatum: 13<\/span>.08.26<br \/>\n<a href=\"https:\/\/www.david-blum.com\/wordpress\/wp-content\/uploads\/2026\/04\/ins-sparschwein-rein-oh-nein-gebundene-ausgabe-katharina-bendixen.jpeg\" target=\"_blank\" rel=\"noopener\">Cover<\/a><\/p>\n","protected":false},"excerpt":{"rendered":"<p>Ins Sparschwein rein? Oh nein! Ausgezahlt und brav gespart? Von wegen! In diesem Bilderbuch verfolgen wir die abenteuerlichen Wege einer frisch gepr\u00e4gten Eurom\u00fcnze: Statt ins Sparschwein wandert sie von Hand zu Hand und Land zu Land, reist mit Zug, Bus und Lkw, ger\u00e4t in den Schlund eines Kaffeeautomaten und sogar in das Verdauungssystem eines hungrigen&hellip; <a class=\"more-link\" href=\"https:\/\/www.david-blum.com\/wordpress\/kinderbuch\/\"><span class=\"screen-reader-text\">Kinderbuch<\/span> weiterlesen<\/a><\/p>\n","protected":false},"author":1,"featured_media":0,"parent":0,"menu_order":0,"comment_status":"closed","ping_status":"closed","template":"","meta":{"footnotes":""},"class_list":["post-767","page","type-page","status-publish","hentry","entry"],"_links":{"self":[{"href":"https:\/\/www.david-blum.com\/wordpress\/wp-json\/wp\/v2\/pages\/767","targetHints":{"allow":["GET"]}}],"collection":[{"href":"https:\/\/www.david-blum.com\/wordpress\/wp-json\/wp\/v2\/pages"}],"about":[{"href":"https:\/\/www.david-blum.com\/wordpress\/wp-json\/wp\/v2\/types\/page"}],"author":[{"embeddable":true,"href":"https:\/\/www.david-blum.com\/wordpress\/wp-json\/wp\/v2\/users\/1"}],"replies":[{"embeddable":true,"href":"https:\/\/www.david-blum.com\/wordpress\/wp-json\/wp\/v2\/comments?post=767"}],"version-history":[{"count":9,"href":"https:\/\/www.david-blum.com\/wordpress\/wp-json\/wp\/v2\/pages\/767\/revisions"}],"predecessor-version":[{"id":784,"href":"https:\/\/www.david-blum.com\/wordpress\/wp-json\/wp\/v2\/pages\/767\/revisions\/784"}],"wp:attachment":[{"href":"https:\/\/www.david-blum.com\/wordpress\/wp-json\/wp\/v2\/media?parent=767"}],"curies":[{"name":"wp","href":"https:\/\/api.w.org\/{rel}","templated":true}]}}